{"id":22,"date":"2019-11-26T12:49:45","date_gmt":"2019-11-26T11:49:45","guid":{"rendered":"https:\/\/escuelaslagunadeduero.es\/colorines\/testw2019\/?page_id=22"},"modified":"2025-02-06T18:22:40","modified_gmt":"2025-02-06T17:22:40","slug":"calendario-horario","status":"publish","type":"page","link":"https:\/\/escuelaslagunadeduero.es\/colorines\/calendario-horario\/","title":{"rendered":"Calendario y horario"},"content":{"rendered":"<p>\n<section  class=\"seccion\">\n<div class=\"contenedor\">\n<div class=\"fila columnas-altura\">\n\t\n<div class=\"col\">\n<div class=\"columna\">\n\t<div class=\"separador-espacio\" style=\"padding-top: 20px;\"><\/div>\n<p>La Escuela Infantil Municipal Colorines atiende al alumnado once meses al a\u00f1o, de septiembre a julio, permaneciendo abierta todos los d\u00edas laborables del a\u00f1o, excepto s\u00e1bados, domingos y festivos (entendi\u00e9ndose por festivos los declarados como tales por la Junta de Castilla y Le\u00f3n en el calendario laboral y los festivos locales), del 24 de Diciembre al 1 de Enero y tres d\u00edas lectivos en el periodo de Semana Santa.<\/p><p>El horario de apertura del centro es de 7:00h a 17:00 h, aunque ning\u00fan menor puede permanecer en el centro educativo m\u00e1s de 8 horas diarias.<\/p><p>El horario de jornada escolar es de 9:00h a 14:00h. Este periodo no tiene coste para el alumnado matriculado en las aulas adscritas a la gratuidad de plazas de la Junta de Castilla y Le\u00f3n conforme al calendario escolar establecido por la Consejer\u00eda de Educaci\u00f3n para cada curso escolar.<\/p><p>El centro tambi\u00e9n ofrece como servicios complementarios:<\/p><ul class=\"lista-calendario\" type=\"disc\"><li><b>Servicio de madrugadores de 7 a 9 h<\/b>. Se puede contratar de forma mensual con desayuno incluido, o por d\u00eda de uso.<\/li><li><b>Servicio de comedor<\/b>. Adem\u00e1s del men\u00fa planificado, su contrataci\u00f3n cubre hasta las 15h. Tambi\u00e9n puede hacerse uso mensual o de forma diaria.<\/li><li><b>Servicio de vespertinos de 15 a 17h<\/b>: su contrataci\u00f3n permite extender el horario con actividades l\u00fadicas que refuerzan la autonom\u00eda e independencia en la rutina diaria y cotidiana de los peque\u00f1os. Igualmente su uso puede ser mensual o de forma puntual por d\u00edas individuales.<\/li><li><b>Apertura en los meses de Julio y Agosto.<\/b><\/li><\/ul><p>Los precios de estos servicios pueden ser consultados en el apartado <a href=\"https:\/\/escuelaslagunadeduero.es\/colorines\/solicitar-plaza\/\">Solicitar plaza<\/a> donde est\u00e1 disponible la ordenanza municipal.<\/p><div class=\"contenedor-boton\">\n<a href=\"https:\/\/escuelaslagunadeduero.es\/colorines\/gratuidad-primer-ciclo-educacion-infantil\/\" target=\"_self\" class=\"boton boton-flecha boton-ctr\">\n\t<span>Horario y Calendario escolar gratuidad de plazas Junta de Castilla y Le\u00f3n<\/span>\n<\/a>\n<\/div><\/div>\n<\/div><\/div>\n\n<\/div>\n<\/section>\n<section  class=\"seccion\" style=\"background-color:#f2f6f7;background-image:url(https:\/\/escuelaslagunadeduero.es\/colorines\/wp-content\/uploads\/2019\/12\/fd-proyecto-educativo.jpg);\">\n<div class=\"contenedor\">\n<div class=\"fila columnas-altura\">\n\t\n<div class=\"col ancho-33\">\n<div class=\"columna\">\n<div class=\"encabezado \">\n<div class=\"encabezado-titulo\"><h2><span style=\"color: #ff9c32;\">Detalle<\/span> Rutinas<\/h2><\/div><div class=\"encabezado-subtitulo\">DE LA ESCUELA INFANTIL<\/div>\n<\/div><\/div>\n<\/div>\n<div class=\"col ancho-66\">\n<div class=\"columna\"><div class=\"sh-output-html\">\r\n\t<div class=\"horario-tabla\">\n<div class=\"horario-fila\">\n<div class=\"horario-detalle\">\n<h4>7:00h a 8:00h<\/h4> \n<\/div>\n<div class=\"horario-descripcion\">\n<p>Recepci\u00f3n de los alumnos y alumnas. Es un momento para la relajaci\u00f3n, para los juegos tranquilos que poco a poco dar\u00e1n comienzo a un nuevo d\u00eda en la escuela.<\/p>\n<\/div>\n<\/div>\n<\/div>\n<div class=\"horario-tabla\">\n<div class=\"horario-fila\">\n<div class=\"horario-detalle\">\n<h4>8:00h a 8:30h<\/h4> \n<\/div>\n<div class=\"horario-descripcion\">\n<p>Desayuno<\/p>\n<\/div>\n<\/div>\n<\/div>\n<div class=\"horario-tabla\">\n<div class=\"horario-fila\">\n<div class=\"horario-detalle\">\n<h4>8:30h a 8:55h<\/h4> \n<\/div>\n<div class=\"horario-descripcion\">\n<p>Juegos y talleres organizados cada d\u00eda de la semana: cuenta cuentos, ensertables, canciones, etc\u2026<\/p>\n<\/div>\n<\/div>\n<\/div>\n<div class=\"horario-tabla\">\n<div class=\"horario-fila\">\n<div class=\"horario-detalle\">\n<h4>9:00h<\/h4> \n<\/div>\n<div class=\"horario-descripcion\">\n<p>Actividades programdas<\/p>\n<\/div>\n<\/div>\n<\/div>\n<div class=\"horario-tabla\">\n<div class=\"horario-fila\">\n<div class=\"horario-detalle\">\n<h4>12:30h<\/h4> \n<\/div>\n<div class=\"horario-descripcion\">\n<p>Comida NIVELES 0-2 A\u00d1OS<\/p>\n<\/div>\n<\/div>\n<\/div>\n<div class=\"horario-tabla\">\n<div class=\"horario-fila\">\n<div class=\"horario-detalle\">\n<h4>13:00h<\/h4> \n<\/div>\n<div class=\"horario-descripcion\">\n<p>Comida NIVEL 2-3 A\u00d1OS<\/p>\n<\/div>\n<\/div>\n<\/div>\n<div class=\"horario-tabla\">\n<div class=\"horario-fila\">\n<div class=\"horario-detalle\">\n<h4>13:30h a 15:30h<\/h4> \n<\/div>\n<div class=\"horario-descripcion\">\n<p>Siesta<\/p>\n<\/div>\n<\/div>\n<\/div>\n<div class=\"horario-tabla\">\n<div class=\"horario-fila\">\n<div class=\"horario-detalle\">\n<h4>16:00h <\/h4> \n<\/div>\n<div class=\"horario-descripcion\">\n<p style=\"margin-top:16px;margin-bottom:5px;\">Talleres de tarde<\/p>\n<aside>\n<ul>\n<li><small><strong>LUNES: <\/strong>MATERIAL VIDA COTIDIANA<\/small><\/li>\n<li><small><strong>MARTES: <\/strong>EXPERIENCIAS<\/small><\/li>\n<li><small><strong>MI\u00c9RCOLES: <\/strong>MOTRICIDAD GRUESA<\/small><\/li>\n<li><small><strong>JUEVES: <\/strong>CUENTOS Y CANCIONES<\/small><\/li>\n<li style=\"margin-bottom:20px;\"><small><strong>VIERNES: <\/strong>AUDIOVISUALES<\/small><\/li>\n<\/ul>\n<\/aside>\n<\/div>\n<\/div>\n<\/div><\/div>\r\n<\/div>\n<\/div><\/div>\n\n<\/div>\n<\/section><\/p>\n","protected":false},"excerpt":{"rendered":"<p>La Escuela Infantil Municipal Colorines atiende al alumnado once meses al a\u00f1o, de septiembre a julio, permaneciendo abierta todos los d\u00edas laborables del a\u00f1o, excepto s\u00e1bados, domingos y festivos (entendi\u00e9ndose &#8230; <a class=\"mas\" href=\"https:\/\/escuelaslagunadeduero.es\/colorines\/calendario-horario\/\"><strong>M\u00c1S<\/strong><\/a><\/p>\n","protected":false},"author":1,"featured_media":1229,"parent":0,"menu_order":5,"comment_status":"closed","ping_status":"closed","template":"","meta":{"footnotes":""},"class_list":["post-22","page","type-page","status-publish","has-post-thumbnail","hentry"],"_links":{"self":[{"href":"https:\/\/escuelaslagunadeduero.es\/colorines\/wp-json\/wp\/v2\/pages\/22","targetHints":{"allow":["GET"]}}],"collection":[{"href":"https:\/\/escuelaslagunadeduero.es\/colorines\/wp-json\/wp\/v2\/pages"}],"about":[{"href":"https:\/\/escuelaslagunadeduero.es\/colorines\/wp-json\/wp\/v2\/types\/page"}],"author":[{"embeddable":true,"href":"https:\/\/escuelaslagunadeduero.es\/colorines\/wp-json\/wp\/v2\/users\/1"}],"replies":[{"embeddable":true,"href":"https:\/\/escuelaslagunadeduero.es\/colorines\/wp-json\/wp\/v2\/comments?post=22"}],"version-history":[{"count":59,"href":"https:\/\/escuelaslagunadeduero.es\/colorines\/wp-json\/wp\/v2\/pages\/22\/revisions"}],"predecessor-version":[{"id":1873,"href":"https:\/\/escuelaslagunadeduero.es\/colorines\/wp-json\/wp\/v2\/pages\/22\/revisions\/1873"}],"wp:featuredmedia":[{"embeddable":true,"href":"https:\/\/escuelaslagunadeduero.es\/colorines\/wp-json\/wp\/v2\/media\/1229"}],"wp:attachment":[{"href":"https:\/\/escuelaslagunadeduero.es\/colorines\/wp-json\/wp\/v2\/media?parent=22"}],"curies":[{"name":"wp","href":"https:\/\/api.w.org\/{rel}","templated":true}]}}